 common divisor of 5800 and 107851?
29
What is the highest common divisor of 91400338 and 62?
62
Calculate the highest common factor of 85011450 and 6150.
6150
Calculate the greatest common factor of 4120737 and 12016.
751
What is the greatest common divisor of 3928 and 125449518?
982
Calculate the greatest common divisor of 41630415 and 527835.
6855
What is the greatest common factor of 125191 and 1103729?
209
Calculate the greatest common factor of 17171259 and 42.
21
Calculate the highest common divisor of 17955 and 11567745.
945
What is the greatest common factor of 48419815 and 15?
5
Calculate the highest common divisor of 1239767 and 59.
59
What is the highest common divisor of 8 and 3036668?
4
Calculate the highest common factor of 13183464 and 485.
97
What is the highest common divisor of 2095651035 and 30?
15
What is the greatest common divisor of 437 and 145304018?
23
Calculate the highest common divisor of 47674468 and 4.
4
Calculate the greatest common divisor of 2532 and 20556.
12
Calculate the greatest common divisor of 15123350 and 620.
310
Calculate the highest common divisor of 49259760 and 21120.
2640
Calculate the greatest common divisor of 147 and 48757233.
21
What is the highest common divisor of 560 and 2500820?
140
What is the greatest common divisor of 237 and 5263454?
79
Calculate the greatest common factor of 856492 and 77.
7
Calculate the greatest common divisor of 644 and 37335164.
92
What is the greatest common factor of 54 and 25078182?
6
What is the highest common divisor of 2930529 and 243747?
1113
What is the highest common factor of 22916763 and 7452?
1863
What is the highest common divisor of 60843424 and 64?
32
Calculate the highest common divisor of 45992928 and 1776.
48
What is the highest common divisor of 4485 and 27911?
13
Calculate the highest common divisor of 45549698 and 326.
326
Calculate the highest common divisor of 336 and 914088.
168
Calculate the greatest common divisor of 349830 and 130.
130
What is the highest common factor of 16 and 14562312?
8
What is the highest common factor of 6329164 and 52?
4
Calculate the highest common divisor of 15593 and 1704667.
503
Calculate the highest common divisor of 4217720 and 520.
520
What is the highest common divisor of 28710 and 38029860?
990
What is the highest common factor of 1122 and 84678?
66
What is the highest common divisor of 44837904 and 19344?
1488
Calculate the greatest common divisor of 75996 and 314217.
9
What is the greatest common divisor of 17074 and 54?
2
Calculate the greatest common divisor of 48403812 and 12.
12
Calculate the highest common factor of 1131 and 1137474.
39
What is the greatest common divisor of 124476 and 1005675?
759
What is the highest common divisor of 4807 and 1941522?
253
Calculate the greatest common divisor of 1101153227 and 19.
19
Calculate the highest common factor of 8933108 and 1748.
92
What is the greatest common divisor of 23326 and 1087334?
214
Calculate the highest common factor of 1080658956 and 8027.
8027
Calculate the highest common factor of 8928 and 7021936.
16
What is the greatest common divisor of 24 and 12725328?
24
Calculate the greatest common factor of 248 and 12194470.
62
What is the highest common divisor of 77 and 12836593?
77
What is the greatest common factor of 536 and 390539918?
134
Calculate the highest common factor of 56 and 51639826.
14
Calculate the highest common factor of 136 and 19785736.
8
Calculate the highest common factor of 9000 and 87912.
72
Calculate the greatest common factor of 4521 and 1039137.
33
Calculate the greatest common factor of 11999976 and 51181.
3937
Calculate the greatest common divisor of 1093608 and 60024.
1464
What is the highest common divisor of 10893 and 141845015?
3631
Calculate the highest common factor of 275 and 2203190.
55
What is the greatest common factor of 1659 and 352212?
21
Calculate the greatest common factor of 1103584638 and 494.
494
Calculate the greatest common divisor of 11132 and 47713523.
253
Calculate the greatest common factor of 8610 and 14760410.
2870
Calculate the highest common factor of 26 and 4877574.
26
What is the greatest common divisor of 622459 and 589?
19
What is the greatest common divisor of 11559 and 6243?
3
What is the highest common divisor of 1483520368 and 4488?
1496
Calculate the greatest common divisor of 2726 and 41849834.
94
What is the greatest common divisor of 61289361 and 63?
63
What is the greatest common factor of 17183938 and 388?
194
What is the greatest common factor of 1999653 and 253754?
1787
Calculate the greatest common factor of 1450 and 18181318.
58
Calculate the greatest common divisor of 1873640 and 61951.
1511
Calculate the greatest common factor of 2292 and 144028707.
573
Calculate the highest common divisor of 485944926 and 1524.
762
Calculate the highest common factor of 882018 and 7866.
342
Calculate the highest common factor of 205249 and 1005048.
517
What is the highest common factor of 81267737 and 305629?
9859
Calculate the greatest common factor of 7696 and 57811.
13
What is the greatest common divisor of 9002412 and 2088?
1044
What is the greatest common factor of 4300 and 2791904?
172
Calculate the highest common factor of 120 and 1891095.
15
What is the greatest common divisor of 42182356 and 76?
76
Calculate the greatest common factor of 214250 and 72250.
250
What is the highest common divisor of 152 and 46202604?
76
Calculate the greatest common factor of 340 and 21605980.
340
What is the greatest common divisor of 538955535 and 180?
15
Calculate the highest common factor of 2684854 and 177.
59
Calculate the greatest common factor of 1488 and 176201768.
248
Calculate the greatest common factor of 8800 and 855195.
55
What is the greatest common divisor of 28781 and 96418043?
1693
What is the highest common factor of 1037 and 121019913?
61
Calculate the highest common divisor of 10569924 and 423.
423
Calculate the greatest common factor of 9394 and 9540278.
1342
Calculate the highest common factor of 42446546 and 232.
58
What is the greatest common divisor of 97405 and 26425?
35
Calculate the greatest common divisor of 17679584 and 416.
416
What is the greatest common divisor of 27111133 and 26509?
3787
What is the greatest common factor of 119 and 149688658?
7
Calculate the highest common divisor of 12645 and 75601926.
2529
Calculate the highest common divisor of 74504 and 1544.
8
Calculate the highest common factor of 7752 and 1297848.
408
What is the highest common factor of 99057 and 2848?
89
Calculate the highest common factor of 25436162 and 11538.
1282
Calculate the greatest common factor of 4 and 3133234.
2
What is the highest common factor of 24064 and 236833?
47
What is the greatest common divisor of 1635 and 54960525?
1635
What is the greatest common factor of 342171 and 36366?
1653
What is the highest common divisor of 194797768 and 951?
317
What is the highest common divisor of 4734318 and 5190?
1038
What is the greatest common divisor of 24219297 and 6?
3
What is the highest common divisor of 773026 and 175297?
307
Calculate the greatest common divisor of 58833 and 482004.
27
What is the highest common factor of 21248 and 1312562?
166
What is the highest common factor of 47119220 and 1990?
1990
What is the greatest common factor of 538 and 1902990735?
269
What is the greatest common factor of 6604591 and 28?
7
Calculate the greatest common divisor of 123648876 and 5616.
1404
Calculate the highest common divisor of 60007437 and 1449.
1449
What is the highest common divisor of 152 and 7579499?
19
What is the highest common divisor of 161711 and 482?
241
What is the greatest common factor of 117249099 and 1023?
1023
Calculate the greatest common divisor of 27 and 3130704.
27
What is the greatest common divisor of 2229695510 and 940?
470
What is the greatest common factor of 77691 and 40232?
47
Calculate the highest common factor of 132 and 118251936.
132
Calculate the greatest common divisor of 5 and 1811495.
5
Calculate the greatest common factor of 725 and 2260425.
25
Calculate the greatest common divisor of 10901840 and 35.
5
What is the greatest common divisor of 2 and 41335886?
2
Calculate the highest common factor of 3982484 and 44.
44
Calculate the highe